 = -1078. Let m = a - -133. Calculate the highest common divisor of m and 52.
13
Let c(y) = -3*y + 1. Let f be c(-2). Suppose -f = 2*i - 19. Suppose 5 = -3*d + 14. Calculate the highest common factor of d and i.
3
Suppose -4*p - 35 = 5*u - 152, -3*u + 60 = -p. What is the greatest common divisor of u and 28?
7
Let f be 2/9*-3 - 1820/(-84). Suppose -v + f = -0*v. Calculate the highest common factor of 189 and v.
21
Let n(q) = 28 - 3*q**2 - 4 - 7*q - 11 - 9. Let f be n(-2). Let c = 28 - 19. What is the greatest common divisor of c and f?
3
Let s(c) = 85*c**2 + 2*c - 1. Let u be s(1). Let w be u + 0/(-2) - -2. Suppose 0 = 8*p - 43 - 21. Calculate the greatest common factor of w and p.
8
Let s be ((-375)/200)/(35/40 + -1). Let n be (2/1)/((-2)/(-28)). Suppose -3*i = -17 - n. What is the highest common divisor of i and s?
15
Suppose b = b + 2*b. Suppose s - 10*s + 792 = b. Calculate the highest common divisor of 8 and s.
8
Let b = -1542 + 1587. Calculate the highest common factor of b and 72.
9
Let a be (-32)/12*6/(-4). Suppose -5*q + q + 12 = 0. Suppose q*m - 96 = -3*o, 4*m + 2*o = -m + 148. Calculate the greatest common factor of a and m.
4
Let o(l) = -4*l**2 + 4*l**2 + l - 4 - l**3 - 3*l**2. Suppose -6*i + 0 = 24. Let t be o(i). What is the greatest common factor of t and 1?
1
Let v(t) = -7*t**3 + 3*t**2 + 3*t - 2. Let i be v(-2). Let m be ((-64)/(-12))/(4/18). What is the greatest common divisor of m and i?
12
Suppose 0 = -2905*q + 2908*q - 57. Suppose w - 3*i + i - 152 = 0, -i + 152 = w. Calculate the greatest common factor of q and w.
19
Let x(l) = -l**3 + 20*l**2 + 71*l - 21. Let f be x(23). What is the highest common divisor of f and 2225?
25
Suppose -k = k - 2. Suppose 2*w - 9 = -k. Suppose 105 = w*z - 55. What is the greatest common factor of 100 and z?
20
Suppose -5*c + 2*c = 3. Let s = -2 - c. Let g be (s - (2 + -5)) + 31. Calculate the greatest common factor of 3 and g.
3
Let q(v) = 2*v + 2. Let s be 2/(-17) + (-10)/(-85). Let i be q(s). Let x = 32 - 16. What is the greatest common factor of i and x?
2
Suppose 0 = -5*c + 2*c + 336. Suppose -48 = -6*v - 3*u + 48, -u - 80 = -5*v. What is the highest common factor of c and v?
16
Let g = -287 + 189. Let z = -76 - g. Calculate the greatest common divisor of 88 and z.
22
Let m = 16 - 20. Let z be (-104)/m*(-3)/(-2). Suppose -4*v = -z - 25. Calculate the highest common divisor of v and 8.
8
Let m(o) = 5*o - 2. Let f be m(2). Let k(x) = 59*x**3 + 22*x**3 + x + 7*x**3 - 1 + x**2 - 1. Let z be k(1). Calculate the greatest common divisor of f and z.
8
Let h(k) = k**3 - 3*k**2 + 4*k - 6. Let w be h(3). Suppose 4*l + 0*m - 4*m - 84 = 0, 0 = -2*m - w. Calculate the highest common factor of l and 90.
18
Let b = 10582 + -10534. Let q be ((-8)/(-2))/((-2)/(-3)). Calculate the greatest common factor of b and q.
6
Let u be (-1)/(-7) + 1265/(-35). Let d be 260/(0 + 1) + u + 32. What is the greatest common factor of d and 16?
16
Let s be (-5 + 8 - 1121)/(1*-2). Suppose 2*o - 5*m - s = 0, 2*o - 294 = -m + 283. What is the greatest common factor of 41 and o?
41
Let s be 5*(-3 + 2 - -4). Suppose -s*q = -11*q - 112. Suppose 3*x - 2*b = q, -4*x + 36 = -b - 8. Calculate the highest common divisor of 132 and x.
12
Suppose -2*h - 287 = 5*h. Let t = h - -58. Calculate the greatest common factor of t and 136.
17
Let c = -39 + 41. Let q be 1 + (68/2)/c. Suppose -3*n - q = -6*n. What is the greatest common divisor of n and 60?
6
Let l be (25/(-2))/((-2)/4). Let c be (-4)/24 - (-19)/6. Suppose 0 = c*w - g - 599, -w - 3*w + 3*g + 797 = 0. Calculate the greatest common divisor of l and w.
25
Let n(x) = -x**3 - 8*x**2 - 14*x - 44. Let i be n(-7). What is the highest common factor of i and 640?
5
Let r(x) = 9*x**2 + 4. Let s be r(-10). Suppose -5*d - 3*k = -s, 3 = -3*k - 3. Calculate the highest common factor of d and 14.
14
Let q(f) = 23*f - 202. Let y be q(14). What is the greatest common factor of 390 and y?
30
Suppose 6*c - 5 = 11*c. Let m = c + 8. Let o be (4 - m)/((-6)/112). Calculate the greatest common factor of o and 8.
8
Suppose -9*p - 576 = -0*p. Let s = 69 + p. Calculate the highest common divisor of 3 and s.
1
Suppose 165 = 2*c + 31. Suppose -c = -4*a + 41. Calculate the highest common divisor of a and 3.
3
Let q be (-3 - (-58)/(-10))*-30. Suppose -2*v + 15 + 33 = 0. Calculate the greatest common factor of v and q.
24
Let j = -547 - -646. Suppose -6*n + 2*n + 12 = 0, 3*y = 3*n + 24. Calculate the greatest common divisor of y and j.
11
Let d = -46 + 46. Let q be (14/(-49))/((-2)/14) - d. Calculate the greatest common factor of q and 6.
2
Let h(v) = 20*v + 53. Let n be h(-2). What is the greatest common divisor of n and 299?
13
Suppose -2076*c = -2068*c - 144. What is the highest common factor of 10 and c?
2
Suppose 9*k - k = 4784. What is the greatest common factor of 46 and k?
46
Let n = 4 - -11. Suppose 2*h + 238 - 258 = 0. Calculate the greatest common factor of h and n.
5
Suppose 5 = 4*c + v - 16, -4*c = 3*v - 15. Let p(f) = 5*f - 16. Let t be p(c). Suppose 0 = -4*s + 3*s + t. Calculate the highest common factor of 154 and s.
14
Let d be 0/(-1) + (-9 - -6) + 5. Suppose 0 = 4*j + m - 163, -6 = -0*m - d*m. Calculate the highest common factor of j and 30.
10
Let f be (1/(3 + -4) - -1) + 2. Let q = -21 - -30. Suppose h - f = q. What is the highest common divisor of h and 55?
11
Let m = -16 - -18. Let u be m/(((-7)/(-8))/7). Let q = -39 + 79. What is the highest common factor of q and u?
8
Let z(y) = 5*y**2 + 11*y - 31. Let d be z(6). What is the greatest common divisor of d and 5?
5
Let n(q) = q**2 + 29*q - 191. Let z be n(-37). Calculate the highest common factor of z and 6.
3
Suppose 14*w - 54 - 100 = 0. Suppose 110 = -2*u + 4*u. Calculate the greatest common factor of w and u.
11
Suppose g + 120 = 3*q + 4*g, 5*g = 3*q - 152. Calculate the greatest common factor of 20 and q.
4
Suppose o - 4*q = 0, 45 = 3*o - 2*q - 5. Let l be (-38)/8 + (-5)/o. Let g = 25 + l. What is the greatest common divisor of 140 and g?
20
Let n = 9 - -13. Suppose -21 = -3*v + 5*s, 23 = 6*v - 2*v - 5*s. What is the highest common factor of n and v?
2
Let j = 139 + 102. Suppose -1 = 10*f - j. What is the greatest common factor of 96 and f?
24
Let u(k) = -2*k - 2. Let j be u(-1). Suppose -5*a + 1021 - 221 = j. Calculate the highest common factor of a and 20.
20
Suppose -7*p + 283 = -81. Suppose 17*j = 20*j - 39. What is the highest common factor of p and j?
13
Suppose 66 = 4*b + l, -11*b + 9*b + 42 = -4*l. What is the highest common divisor of 136 and b?
17
Let c be (-14)/(-18) - 2*(-3)/27. Suppose 5*u - 89 = c. What is the highest common divisor of 90 and u?
18
Suppose -m - 3*l + 34 = 4*m, -l - 17 = -4*m. Suppose 2*v - 3*v = -2*w - m, -3*v - 2*w = -7. Calculate the greatest common divisor of v and 21.
3
Suppose -6 = 6*v - 8*v. Suppose -8*b + 35 = -v*b. What is the highest common divisor of b and 7?
7
Suppose 3*c - 2*i - 12 = i, 4*c + 4*i + 16 = 0. Let j(z) = -z**2 + 56. Let q be j(c). Calculate the greatest common factor of 14 and q.
14
Let t be (-10)/(-45) - 16/(-9). Suppose 8*u + 8 - 32 = 0. What is the greatest common factor of t and u?
1
Suppose 4*h = -3*v + 710, -4*h + 250 = -2*v + 3*v. What is the highest common factor of 23 and v?
23
Let a(q) = -2*q**3 - 4*q + 78. Let g be a(0). What is the highest common factor of g and 104?
26
Let h = 19 - 16. Suppose h*m - 37 - 3 = -f, -4*f - 3*m + 178 = 0. Calculate the highest common factor of f and 115.
23
Let b = 30 + -20. Let m(j) = 2*j**2 - 13*j + 8. Let y be m(6). Suppose -y*w - 10 = -c, 2*w + 46 = 5*c - 4. What is the highest common factor of b and c?
10
Suppose -48 = 6*l - 168. Let g be -2 + 2 + 4 + 1. Calculate the highest common divisor of l and g.
5
Let s(j) = -19*j - 302. Let z be s(-32). What is the greatest common divisor of 18 and z?
18
Let j = 24 - 9. Suppose 5 = 5*g - j. Suppose 4*c - 13 = -0*c - 3*t, c = -g*t. What is the highest common factor of 1 and c?
1
Suppose 0 = 8*g - 186 - 126. Calculate the greatest common divisor of 39 and g.
39
Suppose -2*p = 4*h - 6*p - 96, 0 = -2*h - 5*p + 76. Suppose -3*s = -0*s + 5*c - 41, s - 3*c = -5. Calculate the highest common factor of s and h.
7
Suppose -2*i + 247 = -260*k + 257*k, -5*k = 4*i - 527. Let h be 2/8 + 126/8. Calculate th